 base 15?
-11a213
Convert 45631 (base 14) to base 10.
168603
Convert -1020002101 (base 4) to base 15.
-5c657
2297301 (base 10) to base 16
230dd5
What is -10233301 (base 4) in base 8?
-45761
What is 1101000101101000101 (base 2) in base 6?
13105301
-39290f (base 16) to base 13
-a12109
-156604 (base 7) to base 2
-111100111000000
60a0b2 (base 12) to base 15
1ec7db
Convert 100121002212 (base 3) to base 12.
91388
Convert -98497 (base 15) to base 8.
-1660523
What is 317dd1 (base 14) in base 4?
12120221203
54113 (base 13) to base 15
2ee88
What is -4400656 (base 7) in base 14?
-10019d
Convert 4033500 (base 6) to base 8.
565554
Convert -1b4ad0 (base 14) to base 6.
-32511010
-55dc43 (base 14) to base 11
-1714334
6405623 (base 11) to base 9
23203527
What is 444740 (base 10) in base 15?
8bb95
Convert 246984 (base 16) to base 10.
2386308
Convert 1030123030 (base 4) to base 8.
1143314
60104 (base 9) to base 15
ba51
-1175401 (base 10) to base 12
-488261
Convert 51125035 (base 6) to base 4.
11203322033
a71736 (base 14) to base 2
10101100011101101110100
54251252 (base 7) to base 8
21533450
153032 (base 11) to base 10
238284
What is -221011101002211 (base 3) in base 4?
-303000223123
Convert 20c5b (base 13) to base 10.
59226
What is -14629 (base 12) in base 9?
-43136
14433020 (base 7) to base 3
2120120202102
200c657 (base 13) to base 6
543255432
What is -22089 (base 11) in base 4?
-13310221
What is 191606 (base 11) in base 12?
122797
Convert 55938 (base 15) to base 13.
96ac1
What is -4be8d3 (base 16) in base 4?
-102332203103
What is 111220121122 (base 3) in base 5?
32230244
-286116 (base 10) to base 11
-185a66
What is -11110110110000111 (base 2) in base 3?
-20102022101
-24240221 (base 6) to base 11
-484551
What is -241000 (base 5) in base 16?
-22ab
-1100202010211 (base 3) to base 6
-23300251
Convert 23042124 (base 6) to base 2.
10101100001111100100
What is 7aaa42 (base 13) in base 9?
5422477
Convert -2e6c67 (base 15) to base 8.
-10453463
-122212002200021 (base 3) to base 8
-44145405
Convert -1430966 (base 14) to base 7.
-146165256
Convert 242ebb (base 16) to base 14.
45a239
208830 (base 10) to base 13
7408b
What is -359007 (base 11) in base 2?
-10001010110000011000
1858ba (base 15) to base 9
2203064
23b652 (base 13) to base 3
1121100210202
What is 67715 (base 11) in base 8?
277352
What is -5040201 (base 6) in base 4?
-322033021
What is -94047 (base 12) in base 16?
-2f437
What is bc9 (base 14) in base 7?
6542
Convert -300247 (base 13) to base 2.
-100010000000010100100
Convert 6016200 (base 7) to base 16.
ad733
What is -ca514 (base 15) in base 8?
-2346532
766660 (base 9) to base 4
1233232113
What is -45ab6 (base 13) in base 6?
-2420140
Convert -155411234 (base 6) to base 13.
-901879
5852 (base 10) to base 5
141402
-b5710b (base 12) to base 11
-1679622
Convert 856ab (base 15) to base 2.
1100111010111011010
What is -13179 (base 11) in base 7?
-105634
-30552442 (base 6) to base 13
-250232
-5687647 (base 9) to base 11
-1807283
What is 23212232031 (base 4) in base 7?
34600233
2534300 (base 8) to base 7
5654363
112532115 (base 6) to base 8
7775757
1373121 (base 8) to base 4
1133121101
Convert 1882157 (base 9) to base 16.
102478
b7f27 (base 16) to base 6
24052103
Convert -37a55 (base 13) to base 6.
-2112010
Convert -21256366 (base 7) to base 4.
-12322201333
Convert -101100112210 (base 3) to base 6.
-4211250
3ba74 (base 12) to base 14
22224
What is -35335064 (base 7) in base 10?
-3118259
What is 32534025 (base 6) in base 16?
ee781
What is -1a447d (base 15) in base 2?
-100111000100010001111
-527490 (base 10) to base 2
-10000000110010000010
Convert -20608 (base 10) to base 11.
-14535
-246151 (base 12) to base 13
-179116
What is 112211021 (base 4) in base 8?
264511
-7920 (base 14) to base 4
-11020020
What is -11001001010011110000100 (base 2) in base 7?
-110032506
Convert -150141 (base 7) to base 15.
-8860
1010100110011 (base 3) to base 7
5035426
18015c (base 14) to base 3
1120221201020
What is 10951a0 (base 14) in base 6?
441032412
What is 14214b (base 16) in base 11?
821192
What is -2551505 (base 7) in base 12?
-14010b
63a46 (base 11) to base 10
93099
What is -384475 (base 11) in base 14?
-11ac9d
What is -106146 (base 10) in base 8?
-317242
What is 10011001110011111101 (base 2) in base 9?
1160184
What is -112041420 (base 7) in base 6?
-402245543
29795 (base 13) to base 14
206da
Convert -71615d (base 14) to base 4.
-32210212113
What is -234849 (base 10) in base 4?
-321111201
What is 22612 (base 8) in base 9?
14157
What is -2269311 (base 10) in base 12?
-915313
Convert -d7089 (base 14) to base 12.
-210241
What is 4154125 (base 6) in base 4?
301101011
What is 1e455e (base 16) in base 6?
110304234
Convert -10014023021 (base 5) to base 7.
-150133652
-133411 (base 9) to base 2
-10011110101100101
Convert 23524451 (base 6) to base 16.
b53cf
What is -1044436 (base 7) in base 13?
-46855
38721 (base 13) to base 11
71542
What is 218053 (base 11) in base 15?
6ce34
What is 22132210 (base 5) in base 15?
3c1da
What is 13105325 (base 7) in base 9?
2221425
What is 11102021200202 (base 3) in base 10?
2347886
-841059 (base 11) to base 4
-11021030033
Convert 13244553 (base 6) to base 9.
742826
What is -111113123321 (base 4) in base 12?
-1a613b5
Convert -220520 (base 11) to base 3.
-122212212110
55361114 (base 7) to base 11
2769736
What is -11200210121 (base 4) in base 3?
-2201100221222
What is -1214411223 (base 5) in base 12?
-b73589
Convert -39c69 (base 13) to base 7.
-625422
What is -15041534 (base 7) in base 4?
-11123022311
Convert -15424655 (base 8) to base 15.
-4a1b0d
What is 25712 (base 12) in base 3?
2121010212
-241370 (base 9) to base 12
-70169
Convert -5434253 (base 6) to base 5.
-32103431
Convert -35a9b9 (base 14) to base 3.
-10110020000222
Convert b04289 (base 15) to base 12.
2976170
Convert a81064 (base 11) to base 15.
242494
Convert 1057562 (base 8) to base 4.
1011331302
Convert 201425 (base 8) to base 9.
110874
-11b290 (base 12) to base 15
-5a94c
Convert -142463 (base 12) to base 9.
-561663
1110313330 (base 5) to base 13
672171
-101011110101010011101 (base 2) to base 10
-1436317
What is -100101001100110000 (base 2) in base 9?
-252007
Convert -22725 (base 14) to base 9.
-136757
What is 45924 (base 12) in base 4?
112223230
Convert -11001011100011000000 (base 2) to base 10.
-833728
Convert 13525015 (base 6) to base 12.
1a376b
Convert 10100011110010000100001 (base 2) to base 8.
24362041
What is -20221212001 (base 4) in base 13?
-615139
-103421533 (base 6) to base 15
-26939c
What is -134032 (base 6) in base 15?
-3ab8
-101000122202200 (base 3) to base 14
-9c965b
-15165 (base 13) to base 6
-504130
What is 54710 (base 9) in base 11?
252a8
506733 (base 8) to base 14
45003
Convert 68578 (base 16) to base 15.
86974
Convert 10110100100000111 (base 2) to base 6.
1551515
13651332 (base 7) to base 15
1a72a0
Convert 10010111001110011111 (base 2) to base 8.
2271637
What is 11441542 (base 6) in base 15?
729a2
What is -22aa73b (base 12) in base 6?
-355300515
1102110201110 (base 3) to base 16
b8deb
What is 100100011010110110001 (base 2) in base 8?
4432661
334230043 (base 5) to base 9
2700827
-d4c6a (base 14) to base 3
-222001110201
What is 531282 (base 12) in base 2?
100111111011101000010
Convert -11000000101010111011101 (base 2) to base 7.
-104443344
What is -222124 (base 9) in base 13?
-4858c
What is -25152555 (base 6) in base 7?
-6603563
What is -10011011111011101110 (base 2) in base 6?
-21404542
-107355b (base 13) to base 12
-1829408
2003213323 (base 4) to base 12
21bbb7
What is 13410532 (base 6) in base 3?
211222201102
Convert 67a606 (base 12) to base 11.
a31442
What is -437488 (base 11) in base 6?
-22543332
Convert 3a4175 (base 12) to base 3.
1210211020122
What is 6127401 (base 8) in base 11?
a05415
Convert 451403 (base 8) to base 9.
251847
Convert 8dba2 (base 15) to base 6.
13402142
-123546504 (base 7) to base 2
-11101111111001000101100
What is -2d1cb (base 15) in base 14?
-3b07b
89bea (base 16) to base 10
564202
What is 12022022220 (base 3) in base 13?
38736
-21112221120 (base 3) to base 7
-1156314
-47360 (base 13) to base 9
-217545
-26460 (base 13) to base 9
-117423
-229b (base 12) to base 3
-12022002
1000101000011110101 (base 2) to base 6
10021325
What is 32650034 (base 7) in base 4?
22